{"id":64,"date":"2023-02-28T18:01:42","date_gmt":"2023-02-28T17:01:42","guid":{"rendered":"http:\/\/proxiscope.ricod.net\/?page_id=64"},"modified":"2025-06-27T15:48:26","modified_gmt":"2025-06-27T13:48:26","slug":"voir-linnovation-de-pres","status":"publish","type":"page","link":"https:\/\/proxiscope.ricod.net\/","title":{"rendered":"Voir l&#8217;innovation de pr\u00e8s"},"content":{"rendered":"\n<p class=\"has-text-align-center\">D\u00e9couvrez les conseils des talents f\u00e9minins de l&#8217;artisanat et du territoire de la Communaut\u00e9 de Communes Ecueill\u00e9-Valen\u00e7ay :<\/p>\n\n\n\n<div class=\"wp-container-2 wp-block-columns\">\n<div class=\"wp-container-1 wp-block-column\">\n<figure class=\"wp-block-image size-large\"><a href=\"https:\/\/proxiscope.ricod.net\/index.php\/2025\/06\/27\/autour-des-femmes-de-lartisanat\/\"><img loading=\"lazy\" width=\"1024\" height=\"473\" src=\"https:\/\/proxiscope.ricod.net\/wp-content\/uploads\/2025\/06\/IMG_1442-1024x473.png\" alt=\"\" class=\"wp-image-351\" srcset=\"https:\/\/proxiscope.ricod.net\/wp-content\/uploads\/2025\/06\/IMG_1442-1024x473.png 1024w, https:\/\/proxiscope.ricod.net\/wp-content\/uploads\/2025\/06\/IMG_1442-300x139.png 300w, https:\/\/proxiscope.ricod.net\/wp-content\/uploads\/2025\/06\/IMG_1442-768x355.png 768w, https:\/\/proxiscope.ricod.net\/wp-content\/uploads\/2025\/06\/IMG_1442-1536x710.png 1536w, https:\/\/proxiscope.ricod.net\/wp-content\/uploads\/2025\/06\/IMG_1442.png 1792w\" sizes=\"(max-width: 1024px) 100vw, 1024px\" \/><\/a><\/figure>\n<\/div>\n<\/div>\n\n\n\n<p class=\"has-text-align-center\">D\u00e9couvrez la s\u00e9rie-fiction &#8220;La Fibre Cr\u00e9ative&#8221; :<\/p>\n\n\n\n<figure class=\"wp-block-image size-large\"><a href=\"http:\/\/proxiscope.ricod.net\/index.php\/la-fibre-creative\/\"><img loading=\"lazy\" width=\"1024\" height=\"576\" src=\"http:\/\/proxiscope.ricod.net\/wp-content\/uploads\/2024\/07\/Lea-une-creatrice-de-mode-passionnee-et-fraichement-diplomee-dun-CAP-couture-a-Chateauroux-1024x576.jpg\" alt=\"\" class=\"wp-image-294\" srcset=\"https:\/\/proxiscope.ricod.net\/wp-content\/uploads\/2024\/07\/Lea-une-creatrice-de-mode-passionnee-et-fraichement-diplomee-dun-CAP-couture-a-Chateauroux-1024x576.jpg 1024w, https:\/\/proxiscope.ricod.net\/wp-content\/uploads\/2024\/07\/Lea-une-creatrice-de-mode-passionnee-et-fraichement-diplomee-dun-CAP-couture-a-Chateauroux-300x169.jpg 300w, https:\/\/proxiscope.ricod.net\/wp-content\/uploads\/2024\/07\/Lea-une-creatrice-de-mode-passionnee-et-fraichement-diplomee-dun-CAP-couture-a-Chateauroux-768x432.jpg 768w, https:\/\/proxiscope.ricod.net\/wp-content\/uploads\/2024\/07\/Lea-une-creatrice-de-mode-passionnee-et-fraichement-diplomee-dun-CAP-couture-a-Chateauroux-1536x864.jpg 1536w, https:\/\/proxiscope.ricod.net\/wp-content\/uploads\/2024\/07\/Lea-une-creatrice-de-mode-passionnee-et-fraichement-diplomee-dun-CAP-couture-a-Chateauroux-520x293.jpg 520w, https:\/\/proxiscope.ricod.net\/wp-content\/uploads\/2024\/07\/Lea-une-creatrice-de-mode-passionnee-et-fraichement-diplomee-dun-CAP-couture-a-Chateauroux-950x534.jpg 950w, https:\/\/proxiscope.ricod.net\/wp-content\/uploads\/2024\/07\/Lea-une-creatrice-de-mode-passionnee-et-fraichement-diplomee-dun-CAP-couture-a-Chateauroux.jpg 1920w\" sizes=\"(max-width: 1024px) 100vw, 1024px\" \/><\/a><\/figure>\n\n\n\n<div class=\"wp-container-6 wp-block-columns\">\n<div class=\"wp-container-3 wp-block-column\">\n<figure class=\"wp-block-image size-full\"><a href=\"http:\/\/proxiscope.ricod.net\/index.php\/recits-de-transition\/\"><img loading=\"lazy\" width=\"512\" height=\"512\" src=\"http:\/\/proxiscope.ricod.net\/wp-content\/uploads\/2023\/03\/001-resource.png\" alt=\"\" class=\"wp-image-84\" srcset=\"https:\/\/proxiscope.ricod.net\/wp-content\/uploads\/2023\/03\/001-resource.png 512w, https:\/\/proxiscope.ricod.net\/wp-content\/uploads\/2023\/03\/001-resource-300x300.png 300w, https:\/\/proxiscope.ricod.net\/wp-content\/uploads\/2023\/03\/001-resource-150x150.png 150w, https:\/\/proxiscope.ricod.net\/wp-content\/uploads\/2023\/03\/001-resource-200x200.png 200w\" sizes=\"(max-width: 512px) 100vw, 512px\" \/><\/a><figcaption>R\u00e9cits de transition de l&#8217;Artisanat<\/figcaption><\/figure>\n<\/div>\n\n\n\n<div class=\"wp-container-4 wp-block-column\">\n<figure class=\"wp-block-image size-full\"><a href=\"http:\/\/proxiscope.ricod.net\/index.php\/cooperation-territoriale-et-innovation\/\" target=\"_blank\" rel=\"noreferrer noopener\"><img loading=\"lazy\" width=\"512\" height=\"512\" src=\"http:\/\/proxiscope.ricod.net\/wp-content\/uploads\/2023\/03\/002-human.png\" alt=\"\" class=\"wp-image-85\" srcset=\"https:\/\/proxiscope.ricod.net\/wp-content\/uploads\/2023\/03\/002-human.png 512w, https:\/\/proxiscope.ricod.net\/wp-content\/uploads\/2023\/03\/002-human-300x300.png 300w, https:\/\/proxiscope.ricod.net\/wp-content\/uploads\/2023\/03\/002-human-150x150.png 150w, https:\/\/proxiscope.ricod.net\/wp-content\/uploads\/2023\/03\/002-human-200x200.png 200w\" sizes=\"(max-width: 512px) 100vw, 512px\" \/><\/a><figcaption>Coop\u00e9ration territoriale et innovation<\/figcaption><\/figure>\n<\/div>\n\n\n\n<div class=\"wp-container-5 wp-block-column\">\n<figure class=\"wp-block-image size-full\"><a href=\"http:\/\/proxiscope.ricod.net\/index.php\/2023\/07\/05\/numerique-responsable-et-proximite\/\"><img loading=\"lazy\" width=\"512\" height=\"512\" src=\"http:\/\/proxiscope.ricod.net\/wp-content\/uploads\/2023\/03\/002-light-bulb.png\" alt=\"\" class=\"wp-image-86\" srcset=\"https:\/\/proxiscope.ricod.net\/wp-content\/uploads\/2023\/03\/002-light-bulb.png 512w, https:\/\/proxiscope.ricod.net\/wp-content\/uploads\/2023\/03\/002-light-bulb-300x300.png 300w, https:\/\/proxiscope.ricod.net\/wp-content\/uploads\/2023\/03\/002-light-bulb-150x150.png 150w, https:\/\/proxiscope.ricod.net\/wp-content\/uploads\/2023\/03\/002-light-bulb-200x200.png 200w\" sizes=\"(max-width: 512px) 100vw, 512px\" \/><\/a><figcaption>Partenariat num\u00e9rique responsable<\/figcaption><\/figure>\n<\/div>\n<\/div>\n\n\n\n<div class=\"wp-container-11 wp-block-columns\">\n<div class=\"wp-container-7 wp-block-column\">\n<figure class=\"wp-block-image size-full\"><a href=\"http:\/\/proxiscope.ricod.net\/index.php\/numerique-et-transmission\/\"><img loading=\"lazy\" width=\"512\" height=\"512\" src=\"http:\/\/proxiscope.ricod.net\/wp-content\/uploads\/2023\/03\/006-consultant.png\" alt=\"\" class=\"wp-image-87\" srcset=\"https:\/\/proxiscope.ricod.net\/wp-content\/uploads\/2023\/03\/006-consultant.png 512w, https:\/\/proxiscope.ricod.net\/wp-content\/uploads\/2023\/03\/006-consultant-300x300.png 300w, https:\/\/proxiscope.ricod.net\/wp-content\/uploads\/2023\/03\/006-consultant-150x150.png 150w, https:\/\/proxiscope.ricod.net\/wp-content\/uploads\/2023\/03\/006-consultant-200x200.png 200w\" sizes=\"(max-width: 512px) 100vw, 512px\" \/><\/a><figcaption>Num\u00e9rique et transmission<\/figcaption><\/figure>\n<\/div>\n\n\n\n<div class=\"wp-container-8 wp-block-column\">\n<figure class=\"wp-block-image size-full\"><a href=\"http:\/\/proxiscope.ricod.net\/index.php\/cooperation-des-metiers\/\"><img loading=\"lazy\" width=\"512\" height=\"512\" src=\"http:\/\/proxiscope.ricod.net\/wp-content\/uploads\/2023\/03\/002-leadership.png\" alt=\"\" class=\"wp-image-88\" srcset=\"https:\/\/proxiscope.ricod.net\/wp-content\/uploads\/2023\/03\/002-leadership.png 512w, https:\/\/proxiscope.ricod.net\/wp-content\/uploads\/2023\/03\/002-leadership-300x300.png 300w, https:\/\/proxiscope.ricod.net\/wp-content\/uploads\/2023\/03\/002-leadership-150x150.png 150w, https:\/\/proxiscope.ricod.net\/wp-content\/uploads\/2023\/03\/002-leadership-200x200.png 200w\" sizes=\"(max-width: 512px) 100vw, 512px\" \/><\/a><figcaption>Coop\u00e9ration des m\u00e9tiers<\/figcaption><\/figure>\n<\/div>\n\n\n\n<div class=\"wp-container-10 wp-block-column\">\n<figure class=\"wp-duotone-000000-f78da7-9 wp-block-image size-full\"><a href=\"http:\/\/proxiscope.ricod.net\/index.php\/boite-a-outils-dinnovation-responsable\/\"><img loading=\"lazy\" width=\"512\" height=\"512\" src=\"http:\/\/proxiscope.ricod.net\/wp-content\/uploads\/2023\/03\/003-briefcase.png\" alt=\"\" class=\"wp-image-89\" srcset=\"https:\/\/proxiscope.ricod.net\/wp-content\/uploads\/2023\/03\/003-briefcase.png 512w, https:\/\/proxiscope.ricod.net\/wp-content\/uploads\/2023\/03\/003-briefcase-300x300.png 300w, https:\/\/proxiscope.ricod.net\/wp-content\/uploads\/2023\/03\/003-briefcase-150x150.png 150w, https:\/\/proxiscope.ricod.net\/wp-content\/uploads\/2023\/03\/003-briefcase-200x200.png 200w\" sizes=\"(max-width: 512px) 100vw, 512px\" \/><\/a><figcaption>Bo\u00eete \u00e0 outils d&#8217;innovation artisanale<\/figcaption><\/figure>\n<\/div>\n<\/div>\n\n\n\n<div style=\"height:100px\" aria-hidden=\"true\" class=\"wp-block-spacer\"><\/div>\n\n\n\n<div class=\"wp-container-12 wp-block-buttons\">\n<div class=\"wp-block-button\"><a class=\"wp-block-button__link\" href=\"https:\/\/www.youtube.com\/@johannacamp6600\">Vid\u00e9os<\/a><\/div>\n\n\n\n<div class=\"wp-block-button\"><a class=\"wp-block-button__link\" href=\"https:\/\/mastodon.top\/@proxiscope\">Mastodon<\/a><\/div>\n\n\n\n<div class=\"wp-block-button\"><a class=\"wp-block-button__link\" href=\"https:\/\/www.linkedin.com\/in\/johanna-randriana-camp-7037022\/\">LinkedIn<\/a><\/div>\n\n\n\n<div class=\"wp-block-button\"><a class=\"wp-block-button__link\" href=\"http:\/\/proxiscope.ricod.net\/index.php\/category\/innovation\/\">Innovation<\/a><\/div>\n\n\n\n<div class=\"wp-block-button\"><a class=\"wp-block-button__link\" href=\"http:\/\/proxiscope.ricod.net\/index.php\/category\/cooperation\/\">Coop\u00e9ration<\/a><\/div>\n\n\n\n<div class=\"wp-block-button\"><a class=\"wp-block-button__link\" href=\"http:\/\/proxiscope.ricod.net\/index.php\/category\/transition\/\">Transition<\/a><\/div>\n\n\n\n<div class=\"wp-block-button\"><a class=\"wp-block-button__link\" href=\"http:\/\/proxiscope.ricod.net\/index.php\/category\/information\/\">Information<\/a><\/div>\n<\/div>\n\n\n\n<h2>Interventions scientifiques<\/h2>\n\n\n\n<ul><li><a href=\"https:\/\/www.sfsic.org\/evenements-sfsic\/congres-sfsic\/congres-sfsic-bordeaux-2023\/\" target=\"_blank\" rel=\"noreferrer noopener\">Juin 2023 &#8211; XXIIIe Congr\u00e8s de la SFSIC Bordeaux<\/a><\/li><li>Octobre 2023 &#8211; Conf\u00e9rence H2PTM Valenciennes<\/li><\/ul>\n","protected":false},"excerpt":{"rendered":"<p>D\u00e9couvrez les conseils des talents f\u00e9minins de l&#8217;artisanat et du territoire de la Communaut\u00e9 de Communes Ecueill\u00e9-Valen\u00e7ay : D\u00e9couvrez la s\u00e9rie-fiction &#8220;La Fibre Cr\u00e9ative&#8221; : Interventions&#46;&#46;&#46;<\/p>\n","protected":false},"author":1,"featured_media":0,"parent":0,"menu_order":0,"comment_status":"closed","ping_status":"closed","template":"","meta":{"om_disable_all_campaigns":false},"_links":{"self":[{"href":"https:\/\/proxiscope.ricod.net\/index.php\/wp-json\/wp\/v2\/pages\/64"}],"collection":[{"href":"https:\/\/proxiscope.ricod.net\/index.php\/wp-json\/wp\/v2\/pages"}],"about":[{"href":"https:\/\/proxiscope.ricod.net\/index.php\/wp-json\/wp\/v2\/types\/page"}],"author":[{"embeddable":true,"href":"https:\/\/proxiscope.ricod.net\/index.php\/wp-json\/wp\/v2\/users\/1"}],"replies":[{"embeddable":true,"href":"https:\/\/proxiscope.ricod.net\/index.php\/wp-json\/wp\/v2\/comments?post=64"}],"version-history":[{"count":26,"href":"https:\/\/proxiscope.ricod.net\/index.php\/wp-json\/wp\/v2\/pages\/64\/revisions"}],"predecessor-version":[{"id":355,"href":"https:\/\/proxiscope.ricod.net\/index.php\/wp-json\/wp\/v2\/pages\/64\/revisions\/355"}],"wp:attachment":[{"href":"https:\/\/proxiscope.ricod.net\/index.php\/wp-json\/wp\/v2\/media?parent=64"}],"curies":[{"name":"wp","href":"https:\/\/api.w.org\/{rel}","templated":true}]}}