{"id":314,"date":"2025-01-17T11:43:17","date_gmt":"2025-01-17T10:43:17","guid":{"rendered":"http:\/\/proxiscope.ricod.net\/?page_id=314"},"modified":"2025-01-20T17:07:06","modified_gmt":"2025-01-20T16:07:06","slug":"la-fibre-creative","status":"publish","type":"page","link":"https:\/\/proxiscope.ricod.net\/index.php\/la-fibre-creative\/","title":{"rendered":"La fibre cr\u00e9ative"},"content":{"rendered":"\n<p>En 2024, le projet FabCVL a invit\u00e9 une quarantaine de participants \u00e0 \u00e9changer autour des femmes cr\u00e9atrices d&#8217;entreprises. Plusieurs conf\u00e9rences ont \u00e9t\u00e9 organis\u00e9es dans le cadre des Human Tech Days pour partager les exp\u00e9riences de 11 entrepreneures et cr\u00e9atrices d&#8217;entreprises. Avec des profils allant de la micro-entreprise artisanale aux startups en passant par les ESN et les partenariats, nous retra\u00e7ons les \u00e9changes de ces rencontres \u00e0 travers 3 \u00e9pisodes de la s\u00e9rie fictive &#8220;La Fibre Cr\u00e9ative&#8221;.<\/p>\n\n\n\n<p> <\/p>\n\n\n\n<div class=\"wp-block-media-text alignwide is-stacked-on-mobile\"><figure class=\"wp-block-media-text__media\"><a href=\"http:\/\/proxiscope.ricod.net\/index.php\/2024\/07\/05\/les-femmes-le-numerique-et-lartisanat\/\"><img loading=\"lazy\" width=\"1024\" height=\"576\" src=\"http:\/\/proxiscope.ricod.net\/wp-content\/uploads\/2024\/07\/Lea-une-creatrice-de-mode-passionnee-et-fraichement-diplomee-dun-CAP-couture-a-Chateauroux-1024x576.jpg\" alt=\"\" class=\"wp-image-294 size-full\" srcset=\"https:\/\/proxiscope.ricod.net\/wp-content\/uploads\/2024\/07\/Lea-une-creatrice-de-mode-passionnee-et-fraichement-diplomee-dun-CAP-couture-a-Chateauroux-1024x576.jpg 1024w, https:\/\/proxiscope.ricod.net\/wp-content\/uploads\/2024\/07\/Lea-une-creatrice-de-mode-passionnee-et-fraichement-diplomee-dun-CAP-couture-a-Chateauroux-300x169.jpg 300w, https:\/\/proxiscope.ricod.net\/wp-content\/uploads\/2024\/07\/Lea-une-creatrice-de-mode-passionnee-et-fraichement-diplomee-dun-CAP-couture-a-Chateauroux-768x432.jpg 768w, https:\/\/proxiscope.ricod.net\/wp-content\/uploads\/2024\/07\/Lea-une-creatrice-de-mode-passionnee-et-fraichement-diplomee-dun-CAP-couture-a-Chateauroux-1536x864.jpg 1536w, https:\/\/proxiscope.ricod.net\/wp-content\/uploads\/2024\/07\/Lea-une-creatrice-de-mode-passionnee-et-fraichement-diplomee-dun-CAP-couture-a-Chateauroux-520x293.jpg 520w, https:\/\/proxiscope.ricod.net\/wp-content\/uploads\/2024\/07\/Lea-une-creatrice-de-mode-passionnee-et-fraichement-diplomee-dun-CAP-couture-a-Chateauroux-950x534.jpg 950w, https:\/\/proxiscope.ricod.net\/wp-content\/uploads\/2024\/07\/Lea-une-creatrice-de-mode-passionnee-et-fraichement-diplomee-dun-CAP-couture-a-Chateauroux.jpg 1920w\" sizes=\"(max-width: 1024px) 100vw, 1024px\" \/><\/a><\/figure><div class=\"wp-block-media-text__content\">\n<p>Dans le premier \u00e9pisode, nous d\u00e9couvrons les parcours des diff\u00e9rentes intervenantes, \u00e0 Ch\u00e2teauroux et Orl\u00e9ans.<\/p>\n<\/div><\/div>\n\n\n\n<div class=\"wp-block-media-text alignwide has-media-on-the-right is-stacked-on-mobile\"><figure class=\"wp-block-media-text__media\"><a href=\"http:\/\/proxiscope.ricod.net\/index.php\/2025\/01\/16\/les-creatives-2024-des-defis-a-relever-ensemble\/\"><img loading=\"lazy\" width=\"640\" height=\"480\" src=\"http:\/\/proxiscope.ricod.net\/wp-content\/uploads\/2025\/01\/15.jpg\" alt=\"\" class=\"wp-image-311 size-full\" srcset=\"https:\/\/proxiscope.ricod.net\/wp-content\/uploads\/2025\/01\/15.jpg 640w, https:\/\/proxiscope.ricod.net\/wp-content\/uploads\/2025\/01\/15-300x225.jpg 300w\" sizes=\"(max-width: 640px) 100vw, 640px\" \/><\/a><\/figure><div class=\"wp-block-media-text__content\">\n<p>Dans le deuxi\u00e8me \u00e9pisode, les cr\u00e9atrices et les partenaires de la CMA CVL partagent leurs conseils et exp\u00e9riences pour naviguer dans les diff\u00e9rentes cultures entrepreneuriales et familiales.<\/p>\n<\/div><\/div>\n\n\n\n<div class=\"wp-block-media-text alignwide is-stacked-on-mobile\"><figure class=\"wp-block-media-text__media\"><a href=\"http:\/\/proxiscope.ricod.net\/index.php\/2025\/01\/20\/la-fibre-creative-quelles-perspectives\/\"><img loading=\"lazy\" width=\"1024\" height=\"768\" src=\"http:\/\/proxiscope.ricod.net\/wp-content\/uploads\/2025\/01\/Image-3-1024x768.jpg\" alt=\"\" class=\"wp-image-328 size-full\" srcset=\"https:\/\/proxiscope.ricod.net\/wp-content\/uploads\/2025\/01\/Image-3-1024x768.jpg 1024w, https:\/\/proxiscope.ricod.net\/wp-content\/uploads\/2025\/01\/Image-3-300x225.jpg 300w, https:\/\/proxiscope.ricod.net\/wp-content\/uploads\/2025\/01\/Image-3-768x576.jpg 768w, https:\/\/proxiscope.ricod.net\/wp-content\/uploads\/2025\/01\/Image-3-1536x1152.jpg 1536w, https:\/\/proxiscope.ricod.net\/wp-content\/uploads\/2025\/01\/Image-3-2048x1536.jpg 2048w\" sizes=\"(max-width: 1024px) 100vw, 1024px\" \/><\/a><\/figure><div class=\"wp-block-media-text__content\">\n<p>Dans le dernier \u00e9pisode, nous parcourons les solutions propos\u00e9es par les cr\u00e9atrices, les \u00e9lus et les partenaires pour d\u00e9velopper son entreprise tout en \u00e9tant accompagn\u00e9.<\/p>\n<\/div><\/div>\n","protected":false},"excerpt":{"rendered":"<p>En 2024, le projet FabCVL a invit\u00e9 une quarantaine de participants \u00e0 \u00e9changer autour des femmes cr\u00e9atrices d&#8217;entreprises. Plusieurs conf\u00e9rences ont \u00e9t\u00e9 organis\u00e9es dans le cadre&#46;&#46;&#46;<\/p>\n","protected":false},"author":1,"featured_media":0,"parent":0,"menu_order":0,"comment_status":"closed","ping_status":"closed","template":"","meta":{"om_disable_all_campaigns":false},"_links":{"self":[{"href":"https:\/\/proxiscope.ricod.net\/index.php\/wp-json\/wp\/v2\/pages\/314"}],"collection":[{"href":"https:\/\/proxiscope.ricod.net\/index.php\/wp-json\/wp\/v2\/pages"}],"about":[{"href":"https:\/\/proxiscope.ricod.net\/index.php\/wp-json\/wp\/v2\/types\/page"}],"author":[{"embeddable":true,"href":"https:\/\/proxiscope.ricod.net\/index.php\/wp-json\/wp\/v2\/users\/1"}],"replies":[{"embeddable":true,"href":"https:\/\/proxiscope.ricod.net\/index.php\/wp-json\/wp\/v2\/comments?post=314"}],"version-history":[{"count":2,"href":"https:\/\/proxiscope.ricod.net\/index.php\/wp-json\/wp\/v2\/pages\/314\/revisions"}],"predecessor-version":[{"id":331,"href":"https:\/\/proxiscope.ricod.net\/index.php\/wp-json\/wp\/v2\/pages\/314\/revisions\/331"}],"wp:attachment":[{"href":"https:\/\/proxiscope.ricod.net\/index.php\/wp-json\/wp\/v2\/media?parent=314"}],"curies":[{"name":"wp","href":"https:\/\/api.w.org\/{rel}","templated":true}]}}

La fibre créative

<p>En 2024, le projet FabCVL a invité une quarantaine de participants à échanger autour des femmes créatrices d&#8217;entreprises. Plusieurs conférences ont été organisées dans le cadre des Human Tech Days pour partager les expériences de 11 entrepreneures et créatrices d&#8217;entreprises. Avec des profils allant de la micro-entreprise artisanale aux startups en passant par les ESN et les partenariats, nous retraçons les échanges de ces rencontres à travers 3 épisodes de la série fictive &#8220;La Fibre Créative&#8221;.</p>



<p> </p>



<div class="wp-block-media-text alignwide is-stacked-on-mobile"><figure class="wp-block-media-text__media"><a href="http://proxiscope.ricod.net/index.php/2024/07/05/les-femmes-le-numerique-et-lartisanat/"><img loading="lazy" width="1024" height="576" src="http://proxiscope.ricod.net/wp-content/uploads/2024/07/Lea-une-creatrice-de-mode-passionnee-et-fraichement-diplomee-dun-CAP-couture-a-Chateauroux-1024x576.jpg" alt="" class="wp-image-294 size-full" srcset="https://proxiscope.ricod.net/wp-content/uploads/2024/07/Lea-une-creatrice-de-mode-passionnee-et-fraichement-diplomee-dun-CAP-couture-a-Chateauroux-1024x576.jpg 1024w, https://proxiscope.ricod.net/wp-content/uploads/2024/07/Lea-une-creatrice-de-mode-passionnee-et-fraichement-diplomee-dun-CAP-couture-a-Chateauroux-300x169.jpg 300w, https://proxiscope.ricod.net/wp-content/uploads/2024/07/Lea-une-creatrice-de-mode-passionnee-et-fraichement-diplomee-dun-CAP-couture-a-Chateauroux-768x432.jpg 768w, https://proxiscope.ricod.net/wp-content/uploads/2024/07/Lea-une-creatrice-de-mode-passionnee-et-fraichement-diplomee-dun-CAP-couture-a-Chateauroux-1536x864.jpg 1536w, https://proxiscope.ricod.net/wp-content/uploads/2024/07/Lea-une-creatrice-de-mode-passionnee-et-fraichement-diplomee-dun-CAP-couture-a-Chateauroux-520x293.jpg 520w, https://proxiscope.ricod.net/wp-content/uploads/2024/07/Lea-une-creatrice-de-mode-passionnee-et-fraichement-diplomee-dun-CAP-couture-a-Chateauroux-950x534.jpg 950w, https://proxiscope.ricod.net/wp-content/uploads/2024/07/Lea-une-creatrice-de-mode-passionnee-et-fraichement-diplomee-dun-CAP-couture-a-Chateauroux.jpg 1920w" sizes="(max-width: 1024px) 100vw, 1024px" /></a></figure><div class="wp-block-media-text__content">
<p>Dans le premier épisode, nous découvrons les parcours des différentes intervenantes, à Châteauroux et Orléans.</p>
</div></div>



<div class="wp-block-media-text alignwide has-media-on-the-right is-stacked-on-mobile"><figure class="wp-block-media-text__media"><a href="http://proxiscope.ricod.net/index.php/2025/01/16/les-creatives-2024-des-defis-a-relever-ensemble/"><img loading="lazy" width="640" height="480" src="http://proxiscope.ricod.net/wp-content/uploads/2025/01/15.jpg" alt="" class="wp-image-311 size-full" srcset="https://proxiscope.ricod.net/wp-content/uploads/2025/01/15.jpg 640w, https://proxiscope.ricod.net/wp-content/uploads/2025/01/15-300x225.jpg 300w" sizes="(max-width: 640px) 100vw, 640px" /></a></figure><div class="wp-block-media-text__content">
<p>Dans le deuxième épisode, les créatrices et les partenaires de la CMA CVL partagent leurs conseils et expériences pour naviguer dans les différentes cultures entrepreneuriales et familiales.</p>
</div></div>



<div class="wp-block-media-text alignwide is-stacked-on-mobile"><figure class="wp-block-media-text__media"><a href="http://proxiscope.ricod.net/index.php/2025/01/20/la-fibre-creative-quelles-perspectives/"><img loading="lazy" width="1024" height="768" src="http://proxiscope.ricod.net/wp-content/uploads/2025/01/Image-3-1024x768.jpg" alt="" class="wp-image-328 size-full" srcset="https://proxiscope.ricod.net/wp-content/uploads/2025/01/Image-3-1024x768.jpg 1024w, https://proxiscope.ricod.net/wp-content/uploads/2025/01/Image-3-300x225.jpg 300w, https://proxiscope.ricod.net/wp-content/uploads/2025/01/Image-3-768x576.jpg 768w, https://proxiscope.ricod.net/wp-content/uploads/2025/01/Image-3-1536x1152.jpg 1536w, https://proxiscope.ricod.net/wp-content/uploads/2025/01/Image-3-2048x1536.jpg 2048w" sizes="(max-width: 1024px) 100vw, 1024px" /></a></figure><div class="wp-block-media-text__content">
<p>Dans le dernier épisode, nous parcourons les solutions proposées par les créatrices, les élus et les partenaires pour développer son entreprise tout en étant accompagné.</p>
</div></div>

<p>En 2024, le projet FabCVL a invité une quarantaine de participants à échanger autour des femmes créatrices d&#8217;entreprises. Plusieurs conférences ont été organisées dans le cadre&#46;&#46;&#46;</p>
