{"id":170,"date":"2023-08-07T17:45:29","date_gmt":"2023-08-07T15:45:29","guid":{"rendered":"http:\/\/proxiscope.ricod.net\/?page_id=170"},"modified":"2023-11-06T12:27:01","modified_gmt":"2023-11-06T11:27:01","slug":"recits-de-transition","status":"publish","type":"page","link":"https:\/\/proxiscope.ricod.net\/index.php\/recits-de-transition\/","title":{"rendered":"R\u00e9cits de transition"},"content":{"rendered":"\n<p>La mise en r\u00e9cit est au coeur de notre d\u00e9marche de recherche-action : en d\u00e9passant les discours performatifs de la transition num\u00e9rique, nous sommes plus \u00e0 m\u00eame de comprendre quelles sont les composantes humaines, culturelles et territoriales du num\u00e9rique pour l&#8217;artisanat.<\/p>\n\n\n\n<p>Retrouvez ici les r\u00e9cits de transition de la Chambre de M\u00e9tiers et de l&#8217;Artisanat Centre-Val de Loire. Ces derniers nourrissent les connaissances et les observations du projet de recherche FabCVL sur la transition hybride et responsable de l&#8217;artisanat.<\/p>\n\n\n\n<div class=\"wp-container-1 wp-block-buttons\">\n<div class=\"wp-block-button\"><a class=\"wp-block-button__link\" href=\"http:\/\/proxiscope.ricod.net\/wp-content\/uploads\/2023\/11\/Carte-postale-hybride.pdf\">\ud83d\uddfa\ufe0fCartes postales hybrides sur Mastodon<\/a><\/div>\n<\/div>\n\n\n\n<div class=\"wp-container-3 wp-block-columns\">\n<div class=\"wp-container-2 wp-block-column\" style=\"flex-basis:100%\">\n<div class=\"wp-block-media-text alignwide is-stacked-on-mobile\"><figure class=\"wp-block-media-text__media\"><a href=\"http:\/\/proxiscope.ricod.net\/index.php\/2022\/11\/05\/nous-navons-jamais-ete-en-transition\/\"><img loading=\"lazy\" width=\"1024\" height=\"1024\" src=\"http:\/\/proxiscope.ricod.net\/wp-content\/uploads\/2023\/07\/Collab-amico-1024x1024.png\" alt=\"\" class=\"wp-image-132 size-full\" srcset=\"https:\/\/proxiscope.ricod.net\/wp-content\/uploads\/2023\/07\/Collab-amico-1024x1024.png 1024w, https:\/\/proxiscope.ricod.net\/wp-content\/uploads\/2023\/07\/Collab-amico-300x300.png 300w, https:\/\/proxiscope.ricod.net\/wp-content\/uploads\/2023\/07\/Collab-amico-150x150.png 150w, https:\/\/proxiscope.ricod.net\/wp-content\/uploads\/2023\/07\/Collab-amico-768x768.png 768w, https:\/\/proxiscope.ricod.net\/wp-content\/uploads\/2023\/07\/Collab-amico-1536x1536.png 1536w, https:\/\/proxiscope.ricod.net\/wp-content\/uploads\/2023\/07\/Collab-amico-200x200.png 200w, https:\/\/proxiscope.ricod.net\/wp-content\/uploads\/2023\/07\/Collab-amico.png 2000w\" sizes=\"(max-width: 1024px) 100vw, 1024px\" \/><\/a><\/figure><div class=\"wp-block-media-text__content\">\n<p>D\u00e9couvrez comment la Direction Coordination Appui et Performance de la CMA CVL accompagne la transition num\u00e9rique des collaborateurs et des artisans de la CMA CVL. Cr\u00e9\u00e9e en 2021, elle fait partie des toutes premi\u00e8res initiatives d&#8217;accompagnement sp\u00e9cifique de la transition num\u00e9rique des organisations (Benedetto-Meyer et al., 2021)<\/p>\n<\/div><\/div>\n<\/div>\n<\/div>\n\n\n\n<div class=\"wp-block-media-text alignwide has-media-on-the-right is-stacked-on-mobile\"><figure class=\"wp-block-media-text__media\"><a href=\"http:\/\/proxiscope.ricod.net\/index.php\/2023\/08\/07\/quels-nouveaux-metiers-pour-lartisanat\/\"><img loading=\"lazy\" width=\"1024\" height=\"768\" src=\"http:\/\/proxiscope.ricod.net\/wp-content\/uploads\/2023\/08\/MicrosoftTeams-image-14-1024x768.jpg\" alt=\"\" class=\"wp-image-168 size-full\" srcset=\"https:\/\/proxiscope.ricod.net\/wp-content\/uploads\/2023\/08\/MicrosoftTeams-image-14-1024x768.jpg 1024w, https:\/\/proxiscope.ricod.net\/wp-content\/uploads\/2023\/08\/MicrosoftTeams-image-14-300x225.jpg 300w, https:\/\/proxiscope.ricod.net\/wp-content\/uploads\/2023\/08\/MicrosoftTeams-image-14-768x576.jpg 768w, https:\/\/proxiscope.ricod.net\/wp-content\/uploads\/2023\/08\/MicrosoftTeams-image-14-1536x1152.jpg 1536w, https:\/\/proxiscope.ricod.net\/wp-content\/uploads\/2023\/08\/MicrosoftTeams-image-14-2048x1536.jpg 2048w\" sizes=\"(max-width: 1024px) 100vw, 1024px\" \/><\/a><\/figure><div class=\"wp-block-media-text__content\">\n<p>En partant des comp\u00e9tences de transition d\u00e9velopp\u00e9es par la CMA CVL, nous projetons les m\u00e9tiers de demain de l&#8217;artisanat. En 2023, nous avons pu observer ces m\u00e9tiers sur le terrain pour permettre aux artisans et aux collaborateurs de comprendre les changements culturels, serviciels et relationnels qui s&#8217;op\u00e8rent dans la transition hybride.<\/p>\n<\/div><\/div>\n\n\n\n<div class=\"wp-block-media-text alignwide is-stacked-on-mobile\"><figure class=\"wp-block-media-text__media\"><a href=\"https:\/\/www.crma-centre.fr\/sites\/default\/files\/Uploads\/Observatoire\/2023\/insertion_pro_2022.pdf\" target=\"_blank\" rel=\"noreferrer noopener\"><img loading=\"lazy\" width=\"1024\" height=\"1024\" src=\"http:\/\/proxiscope.ricod.net\/wp-content\/uploads\/2023\/09\/Connected-world-pana-1024x1024.png\" alt=\"\" class=\"wp-image-228 size-full\" srcset=\"https:\/\/proxiscope.ricod.net\/wp-content\/uploads\/2023\/09\/Connected-world-pana-1024x1024.png 1024w, https:\/\/proxiscope.ricod.net\/wp-content\/uploads\/2023\/09\/Connected-world-pana-300x300.png 300w, https:\/\/proxiscope.ricod.net\/wp-content\/uploads\/2023\/09\/Connected-world-pana-150x150.png 150w, https:\/\/proxiscope.ricod.net\/wp-content\/uploads\/2023\/09\/Connected-world-pana-768x768.png 768w, https:\/\/proxiscope.ricod.net\/wp-content\/uploads\/2023\/09\/Connected-world-pana-1536x1536.png 1536w, https:\/\/proxiscope.ricod.net\/wp-content\/uploads\/2023\/09\/Connected-world-pana-200x200.png 200w, https:\/\/proxiscope.ricod.net\/wp-content\/uploads\/2023\/09\/Connected-world-pana.png 2000w\" sizes=\"(max-width: 1024px) 100vw, 1024px\" \/><\/a><\/figure><div class=\"wp-block-media-text__content\">\n<p>L&#8217;Observatoire de l&#8217;Artisanat Centre-Val de Loire publie r\u00e9guli\u00e8rement des analyses \u00e9conomiques et territoriales sur les entreprises du secteur. Retrouvez un exemple ici avec l&#8217;analyse de l&#8217;insertion professionnelle des apprentis en 2022.<\/p>\n<\/div><\/div>\n\n\n\n<div class=\"wp-block-media-text alignwide has-media-on-the-right is-stacked-on-mobile\"><figure class=\"wp-block-media-text__media\"><a href=\"https:\/\/www.crma-centre.fr\/sites\/default\/files\/Uploads\/Observatoire\/Chiffres_cles\/2022\/cmacvl_chiffres_cles_2022_global_vf2.pdf\" target=\"_blank\" rel=\"noreferrer noopener\"><img loading=\"lazy\" width=\"1024\" height=\"1024\" src=\"http:\/\/proxiscope.ricod.net\/wp-content\/uploads\/2023\/11\/Globalization-cuate-1024x1024.png\" alt=\"\" class=\"wp-image-234 size-full\" srcset=\"https:\/\/proxiscope.ricod.net\/wp-content\/uploads\/2023\/11\/Globalization-cuate-1024x1024.png 1024w, https:\/\/proxiscope.ricod.net\/wp-content\/uploads\/2023\/11\/Globalization-cuate-300x300.png 300w, https:\/\/proxiscope.ricod.net\/wp-content\/uploads\/2023\/11\/Globalization-cuate-150x150.png 150w, https:\/\/proxiscope.ricod.net\/wp-content\/uploads\/2023\/11\/Globalization-cuate-768x768.png 768w, https:\/\/proxiscope.ricod.net\/wp-content\/uploads\/2023\/11\/Globalization-cuate-1536x1536.png 1536w, https:\/\/proxiscope.ricod.net\/wp-content\/uploads\/2023\/11\/Globalization-cuate-200x200.png 200w, https:\/\/proxiscope.ricod.net\/wp-content\/uploads\/2023\/11\/Globalization-cuate.png 2000w\" sizes=\"(max-width: 1024px) 100vw, 1024px\" \/><\/a><\/figure><div class=\"wp-block-media-text__content\">\n<p>Autre r\u00e9cit de l&#8217;Artisanat : les Chiffres Cl\u00e9s 2022, qui sont des points de rep\u00e8res \u00e9conomiques et territoriaux de la sant\u00e9 des entreprises du secteurs. Organis\u00e9s par th\u00e9matique et pr\u00e9sentant le r\u00e9sultat des actions de la CMA CVL en plus de l&#8217;\u00e9volution du contexte de cr\u00e9ation des entreprises, ces chiffres donnent annuellement le pouls de l&#8217;activit\u00e9 artisanale. Ils sont \u00e9galement produits par l&#8217;Observatoire de l&#8217;Artisanat Centre-Val de Loire et les diff\u00e9rents services mobilis\u00e9s (relations entreprises, orientation et apprentissage&#8230;).<\/p>\n<\/div><\/div>\n","protected":false},"excerpt":{"rendered":"<p>La mise en r\u00e9cit est au coeur de notre d\u00e9marche de recherche-action : en d\u00e9passant les discours performatifs de la transition num\u00e9rique, nous sommes plus \u00e0&#46;&#46;&#46;<\/p>\n","protected":false},"author":1,"featured_media":0,"parent":0,"menu_order":0,"comment_status":"closed","ping_status":"closed","template":"","meta":{"om_disable_all_campaigns":false},"_links":{"self":[{"href":"https:\/\/proxiscope.ricod.net\/index.php\/wp-json\/wp\/v2\/pages\/170"}],"collection":[{"href":"https:\/\/proxiscope.ricod.net\/index.php\/wp-json\/wp\/v2\/pages"}],"about":[{"href":"https:\/\/proxiscope.ricod.net\/index.php\/wp-json\/wp\/v2\/types\/page"}],"author":[{"embeddable":true,"href":"https:\/\/proxiscope.ricod.net\/index.php\/wp-json\/wp\/v2\/users\/1"}],"replies":[{"embeddable":true,"href":"https:\/\/proxiscope.ricod.net\/index.php\/wp-json\/wp\/v2\/comments?post=170"}],"version-history":[{"count":5,"href":"https:\/\/proxiscope.ricod.net\/index.php\/wp-json\/wp\/v2\/pages\/170\/revisions"}],"predecessor-version":[{"id":246,"href":"https:\/\/proxiscope.ricod.net\/index.php\/wp-json\/wp\/v2\/pages\/170\/revisions\/246"}],"wp:attachment":[{"href":"https:\/\/proxiscope.ricod.net\/index.php\/wp-json\/wp\/v2\/media?parent=170"}],"curies":[{"name":"wp","href":"https:\/\/api.w.org\/{rel}","templated":true}]}}

Récits de transition

<p>La mise en récit est au coeur de notre démarche de recherche-action : en dépassant les discours performatifs de la transition numérique, nous sommes plus à même de comprendre quelles sont les composantes humaines, culturelles et territoriales du numérique pour l&#8217;artisanat.</p>



<p>Retrouvez ici les récits de transition de la Chambre de Métiers et de l&#8217;Artisanat Centre-Val de Loire. Ces derniers nourrissent les connaissances et les observations du projet de recherche FabCVL sur la transition hybride et responsable de l&#8217;artisanat.</p>



<div class="wp-container-1 wp-block-buttons">
<div class="wp-block-button"><a class="wp-block-button__link" href="http://proxiscope.ricod.net/wp-content/uploads/2023/11/Carte-postale-hybride.pdf">🗺️Cartes postales hybrides sur Mastodon</a></div>
</div>



<div class="wp-container-3 wp-block-columns">
<div class="wp-container-2 wp-block-column" style="flex-basis:100%">
<div class="wp-block-media-text alignwide is-stacked-on-mobile"><figure class="wp-block-media-text__media"><a href="http://proxiscope.ricod.net/index.php/2022/11/05/nous-navons-jamais-ete-en-transition/"><img loading="lazy" width="1024" height="1024" src="http://proxiscope.ricod.net/wp-content/uploads/2023/07/Collab-amico-1024x1024.png" alt="" class="wp-image-132 size-full" srcset="https://proxiscope.ricod.net/wp-content/uploads/2023/07/Collab-amico-1024x1024.png 1024w, https://proxiscope.ricod.net/wp-content/uploads/2023/07/Collab-amico-300x300.png 300w, https://proxiscope.ricod.net/wp-content/uploads/2023/07/Collab-amico-150x150.png 150w, https://proxiscope.ricod.net/wp-content/uploads/2023/07/Collab-amico-768x768.png 768w, https://proxiscope.ricod.net/wp-content/uploads/2023/07/Collab-amico-1536x1536.png 1536w, https://proxiscope.ricod.net/wp-content/uploads/2023/07/Collab-amico-200x200.png 200w, https://proxiscope.ricod.net/wp-content/uploads/2023/07/Collab-amico.png 2000w" sizes="(max-width: 1024px) 100vw, 1024px" /></a></figure><div class="wp-block-media-text__content">
<p>Découvrez comment la Direction Coordination Appui et Performance de la CMA CVL accompagne la transition numérique des collaborateurs et des artisans de la CMA CVL. Créée en 2021, elle fait partie des toutes premières initiatives d&#8217;accompagnement spécifique de la transition numérique des organisations (Benedetto-Meyer et al., 2021)</p>
</div></div>
</div>
</div>



<div class="wp-block-media-text alignwide has-media-on-the-right is-stacked-on-mobile"><figure class="wp-block-media-text__media"><a href="http://proxiscope.ricod.net/index.php/2023/08/07/quels-nouveaux-metiers-pour-lartisanat/"><img loading="lazy" width="1024" height="768" src="http://proxiscope.ricod.net/wp-content/uploads/2023/08/MicrosoftTeams-image-14-1024x768.jpg" alt="" class="wp-image-168 size-full" srcset="https://proxiscope.ricod.net/wp-content/uploads/2023/08/MicrosoftTeams-image-14-1024x768.jpg 1024w, https://proxiscope.ricod.net/wp-content/uploads/2023/08/MicrosoftTeams-image-14-300x225.jpg 300w, https://proxiscope.ricod.net/wp-content/uploads/2023/08/MicrosoftTeams-image-14-768x576.jpg 768w, https://proxiscope.ricod.net/wp-content/uploads/2023/08/MicrosoftTeams-image-14-1536x1152.jpg 1536w, https://proxiscope.ricod.net/wp-content/uploads/2023/08/MicrosoftTeams-image-14-2048x1536.jpg 2048w" sizes="(max-width: 1024px) 100vw, 1024px" /></a></figure><div class="wp-block-media-text__content">
<p>En partant des compétences de transition développées par la CMA CVL, nous projetons les métiers de demain de l&#8217;artisanat. En 2023, nous avons pu observer ces métiers sur le terrain pour permettre aux artisans et aux collaborateurs de comprendre les changements culturels, serviciels et relationnels qui s&#8217;opèrent dans la transition hybride.</p>
</div></div>



<div class="wp-block-media-text alignwide is-stacked-on-mobile"><figure class="wp-block-media-text__media"><a href="https://www.crma-centre.fr/sites/default/files/Uploads/Observatoire/2023/insertion_pro_2022.pdf" target="_blank" rel="noreferrer noopener"><img loading="lazy" width="1024" height="1024" src="http://proxiscope.ricod.net/wp-content/uploads/2023/09/Connected-world-pana-1024x1024.png" alt="" class="wp-image-228 size-full" srcset="https://proxiscope.ricod.net/wp-content/uploads/2023/09/Connected-world-pana-1024x1024.png 1024w, https://proxiscope.ricod.net/wp-content/uploads/2023/09/Connected-world-pana-300x300.png 300w, https://proxiscope.ricod.net/wp-content/uploads/2023/09/Connected-world-pana-150x150.png 150w, https://proxiscope.ricod.net/wp-content/uploads/2023/09/Connected-world-pana-768x768.png 768w, https://proxiscope.ricod.net/wp-content/uploads/2023/09/Connected-world-pana-1536x1536.png 1536w, https://proxiscope.ricod.net/wp-content/uploads/2023/09/Connected-world-pana-200x200.png 200w, https://proxiscope.ricod.net/wp-content/uploads/2023/09/Connected-world-pana.png 2000w" sizes="(max-width: 1024px) 100vw, 1024px" /></a></figure><div class="wp-block-media-text__content">
<p>L&#8217;Observatoire de l&#8217;Artisanat Centre-Val de Loire publie régulièrement des analyses économiques et territoriales sur les entreprises du secteur. Retrouvez un exemple ici avec l&#8217;analyse de l&#8217;insertion professionnelle des apprentis en 2022.</p>
</div></div>



<div class="wp-block-media-text alignwide has-media-on-the-right is-stacked-on-mobile"><figure class="wp-block-media-text__media"><a href="https://www.crma-centre.fr/sites/default/files/Uploads/Observatoire/Chiffres_cles/2022/cmacvl_chiffres_cles_2022_global_vf2.pdf" target="_blank" rel="noreferrer noopener"><img loading="lazy" width="1024" height="1024" src="http://proxiscope.ricod.net/wp-content/uploads/2023/11/Globalization-cuate-1024x1024.png" alt="" class="wp-image-234 size-full" srcset="https://proxiscope.ricod.net/wp-content/uploads/2023/11/Globalization-cuate-1024x1024.png 1024w, https://proxiscope.ricod.net/wp-content/uploads/2023/11/Globalization-cuate-300x300.png 300w, https://proxiscope.ricod.net/wp-content/uploads/2023/11/Globalization-cuate-150x150.png 150w, https://proxiscope.ricod.net/wp-content/uploads/2023/11/Globalization-cuate-768x768.png 768w, https://proxiscope.ricod.net/wp-content/uploads/2023/11/Globalization-cuate-1536x1536.png 1536w, https://proxiscope.ricod.net/wp-content/uploads/2023/11/Globalization-cuate-200x200.png 200w, https://proxiscope.ricod.net/wp-content/uploads/2023/11/Globalization-cuate.png 2000w" sizes="(max-width: 1024px) 100vw, 1024px" /></a></figure><div class="wp-block-media-text__content">
<p>Autre récit de l&#8217;Artisanat : les Chiffres Clés 2022, qui sont des points de repères économiques et territoriaux de la santé des entreprises du secteurs. Organisés par thématique et présentant le résultat des actions de la CMA CVL en plus de l&#8217;évolution du contexte de création des entreprises, ces chiffres donnent annuellement le pouls de l&#8217;activité artisanale. Ils sont également produits par l&#8217;Observatoire de l&#8217;Artisanat Centre-Val de Loire et les différents services mobilisés (relations entreprises, orientation et apprentissage&#8230;).</p>
</div></div>

<p>La mise en récit est au coeur de notre démarche de recherche-action : en dépassant les discours performatifs de la transition numérique, nous sommes plus à&#46;&#46;&#46;</p>
