{"id":104,"date":"2023-09-20T10:24:25","date_gmt":"2023-09-20T08:24:25","guid":{"rendered":"http:\/\/proxiscope.ricod.net\/?page_id=104"},"modified":"2023-11-06T11:03:30","modified_gmt":"2023-11-06T10:03:30","slug":"cooperation-des-metiers","status":"publish","type":"page","link":"https:\/\/proxiscope.ricod.net\/index.php\/cooperation-des-metiers\/","title":{"rendered":"Coop\u00e9ration des m\u00e9tiers"},"content":{"rendered":"\n<p>Dans cette fabrique num\u00e9rique virtuelle, nous observons comment les m\u00e9tiers coop\u00e8rent pour se transformer. Quelles comp\u00e9tences les rapprochent ? A travers des enqu\u00eates de proximit\u00e9, nous explorons ensemble les liens qui se tissent dans les nouveaux territoires hybrides de cr\u00e9ativit\u00e9.<\/p>\n\n\n\n<div class=\"wp-container-1 wp-block-buttons\">\n<div class=\"wp-block-button\"><a class=\"wp-block-button__link\" href=\"http:\/\/proxiscope.ricod.net\/wp-content\/uploads\/2023\/08\/Competences-de-transition-Proxiscope.pdf\">Comp\u00e9tences de transition de l&#8217;artisanat<\/a><\/div>\n<\/div>\n\n\n\n<div class=\"wp-block-media-text alignwide is-stacked-on-mobile\"><figure class=\"wp-block-media-text__media\"><a href=\"http:\/\/proxiscope.ricod.net\/index.php\/2023\/04\/08\/inspiration-valeurs-et-co-creation-des-metiers-dart\/\"><img loading=\"lazy\" width=\"828\" height=\"461\" src=\"http:\/\/proxiscope.ricod.net\/wp-content\/uploads\/2023\/04\/IMG_D97F1E1A0791-1.jpeg\" alt=\"\" class=\"wp-image-101 size-full\" srcset=\"https:\/\/proxiscope.ricod.net\/wp-content\/uploads\/2023\/04\/IMG_D97F1E1A0791-1.jpeg 828w, https:\/\/proxiscope.ricod.net\/wp-content\/uploads\/2023\/04\/IMG_D97F1E1A0791-1-300x167.jpeg 300w, https:\/\/proxiscope.ricod.net\/wp-content\/uploads\/2023\/04\/IMG_D97F1E1A0791-1-768x428.jpeg 768w\" sizes=\"(max-width: 828px) 100vw, 828px\" \/><\/a><\/figure><div class=\"wp-block-media-text__content\">\n<p>Visite aux Journ\u00e9es Europ\u00e9ennes des M\u00e9tiers d&#8217;Art \u00e0 Ch\u00e2teauroux, pour d\u00e9couvrir les valeurs, l&#8217;inspiration et la co-cr\u00e9ation entre les artisans d&#8217;art.<\/p>\n<\/div><\/div>\n\n\n\n<div class=\"wp-block-media-text alignwide has-media-on-the-right is-stacked-on-mobile\"><figure class=\"wp-block-media-text__media\"><a href=\"http:\/\/proxiscope.ricod.net\/index.php\/2023\/09\/20\/en-visite-chez-artisup-manufacture-de-proximite\/\"><img loading=\"lazy\" width=\"1024\" height=\"768\" src=\"http:\/\/proxiscope.ricod.net\/wp-content\/uploads\/2023\/09\/MicrosoftTeams-image-20.jpg\" alt=\"\" class=\"wp-image-207 size-full\" srcset=\"https:\/\/proxiscope.ricod.net\/wp-content\/uploads\/2023\/09\/MicrosoftTeams-image-20.jpg 1024w, https:\/\/proxiscope.ricod.net\/wp-content\/uploads\/2023\/09\/MicrosoftTeams-image-20-300x225.jpg 300w, https:\/\/proxiscope.ricod.net\/wp-content\/uploads\/2023\/09\/MicrosoftTeams-image-20-768x576.jpg 768w\" sizes=\"(max-width: 1024px) 100vw, 1024px\" \/><\/a><\/figure><div class=\"wp-block-media-text__content\">\n<p>Visite de la manufacture de proximit\u00e9 Artis&#8217;Up pour comprendre comment les espaces et la proximit\u00e9 favorisent la coop\u00e9ration et la cr\u00e9ativit\u00e9 des m\u00e9tiers.<\/p>\n<\/div><\/div>\n\n\n\n<div class=\"wp-block-media-text alignwide is-stacked-on-mobile\"><figure class=\"wp-block-media-text__media\"><a href=\"http:\/\/proxiscope.ricod.net\/index.php\/2023\/11\/06\/formation-numerique-des-createurs-dentreprises\/\" target=\"_blank\" rel=\"noreferrer noopener\"><img loading=\"lazy\" width=\"1024\" height=\"548\" src=\"http:\/\/proxiscope.ricod.net\/wp-content\/uploads\/2023\/11\/Formation-1.jpg\" alt=\"\" class=\"wp-image-237 size-full\" srcset=\"https:\/\/proxiscope.ricod.net\/wp-content\/uploads\/2023\/11\/Formation-1.jpg 1024w, https:\/\/proxiscope.ricod.net\/wp-content\/uploads\/2023\/11\/Formation-1-300x161.jpg 300w, https:\/\/proxiscope.ricod.net\/wp-content\/uploads\/2023\/11\/Formation-1-768x411.jpg 768w\" sizes=\"(max-width: 1024px) 100vw, 1024px\" \/><\/a><\/figure><div class=\"wp-block-media-text__content\">\n<p>Formation des cr\u00e9ateurs d&#8217;entreprise pour les accompagner dans la r\u00e9alisation de leur business plan et de leur pr\u00e9sentation de projet. Un temps d&#8217;\u00e9change privil\u00e9gi\u00e9 ax\u00e9 sur la pratique et l&#8217;humain pour s&#8217;adapter aux usages et aux envies de chacun.<\/p>\n<\/div><\/div>\n","protected":false},"excerpt":{"rendered":"<p>Dans cette fabrique num\u00e9rique virtuelle, nous observons comment les m\u00e9tiers coop\u00e8rent pour se transformer. Quelles comp\u00e9tences les rapprochent ? A travers des enqu\u00eates de proximit\u00e9, nous&#46;&#46;&#46;<\/p>\n","protected":false},"author":1,"featured_media":0,"parent":0,"menu_order":0,"comment_status":"closed","ping_status":"closed","template":"","meta":{"om_disable_all_campaigns":false},"_links":{"self":[{"href":"https:\/\/proxiscope.ricod.net\/index.php\/wp-json\/wp\/v2\/pages\/104"}],"collection":[{"href":"https:\/\/proxiscope.ricod.net\/index.php\/wp-json\/wp\/v2\/pages"}],"about":[{"href":"https:\/\/proxiscope.ricod.net\/index.php\/wp-json\/wp\/v2\/types\/page"}],"author":[{"embeddable":true,"href":"https:\/\/proxiscope.ricod.net\/index.php\/wp-json\/wp\/v2\/users\/1"}],"replies":[{"embeddable":true,"href":"https:\/\/proxiscope.ricod.net\/index.php\/wp-json\/wp\/v2\/comments?post=104"}],"version-history":[{"count":7,"href":"https:\/\/proxiscope.ricod.net\/index.php\/wp-json\/wp\/v2\/pages\/104\/revisions"}],"predecessor-version":[{"id":242,"href":"https:\/\/proxiscope.ricod.net\/index.php\/wp-json\/wp\/v2\/pages\/104\/revisions\/242"}],"wp:attachment":[{"href":"https:\/\/proxiscope.ricod.net\/index.php\/wp-json\/wp\/v2\/media?parent=104"}],"curies":[{"name":"wp","href":"https:\/\/api.w.org\/{rel}","templated":true}]}}

Coopération des métiers

<p>Dans cette fabrique numérique virtuelle, nous observons comment les métiers coopèrent pour se transformer. Quelles compétences les rapprochent ? A travers des enquêtes de proximité, nous explorons ensemble les liens qui se tissent dans les nouveaux territoires hybrides de créativité.</p>



<div class="wp-container-1 wp-block-buttons">
<div class="wp-block-button"><a class="wp-block-button__link" href="http://proxiscope.ricod.net/wp-content/uploads/2023/08/Competences-de-transition-Proxiscope.pdf">Compétences de transition de l&#8217;artisanat</a></div>
</div>



<div class="wp-block-media-text alignwide is-stacked-on-mobile"><figure class="wp-block-media-text__media"><a href="http://proxiscope.ricod.net/index.php/2023/04/08/inspiration-valeurs-et-co-creation-des-metiers-dart/"><img loading="lazy" width="828" height="461" src="http://proxiscope.ricod.net/wp-content/uploads/2023/04/IMG_D97F1E1A0791-1.jpeg" alt="" class="wp-image-101 size-full" srcset="https://proxiscope.ricod.net/wp-content/uploads/2023/04/IMG_D97F1E1A0791-1.jpeg 828w, https://proxiscope.ricod.net/wp-content/uploads/2023/04/IMG_D97F1E1A0791-1-300x167.jpeg 300w, https://proxiscope.ricod.net/wp-content/uploads/2023/04/IMG_D97F1E1A0791-1-768x428.jpeg 768w" sizes="(max-width: 828px) 100vw, 828px" /></a></figure><div class="wp-block-media-text__content">
<p>Visite aux Journées Européennes des Métiers d&#8217;Art à Châteauroux, pour découvrir les valeurs, l&#8217;inspiration et la co-création entre les artisans d&#8217;art.</p>
</div></div>



<div class="wp-block-media-text alignwide has-media-on-the-right is-stacked-on-mobile"><figure class="wp-block-media-text__media"><a href="http://proxiscope.ricod.net/index.php/2023/09/20/en-visite-chez-artisup-manufacture-de-proximite/"><img loading="lazy" width="1024" height="768" src="http://proxiscope.ricod.net/wp-content/uploads/2023/09/MicrosoftTeams-image-20.jpg" alt="" class="wp-image-207 size-full" srcset="https://proxiscope.ricod.net/wp-content/uploads/2023/09/MicrosoftTeams-image-20.jpg 1024w, https://proxiscope.ricod.net/wp-content/uploads/2023/09/MicrosoftTeams-image-20-300x225.jpg 300w, https://proxiscope.ricod.net/wp-content/uploads/2023/09/MicrosoftTeams-image-20-768x576.jpg 768w" sizes="(max-width: 1024px) 100vw, 1024px" /></a></figure><div class="wp-block-media-text__content">
<p>Visite de la manufacture de proximité Artis&#8217;Up pour comprendre comment les espaces et la proximité favorisent la coopération et la créativité des métiers.</p>
</div></div>



<div class="wp-block-media-text alignwide is-stacked-on-mobile"><figure class="wp-block-media-text__media"><a href="http://proxiscope.ricod.net/index.php/2023/11/06/formation-numerique-des-createurs-dentreprises/" target="_blank" rel="noreferrer noopener"><img loading="lazy" width="1024" height="548" src="http://proxiscope.ricod.net/wp-content/uploads/2023/11/Formation-1.jpg" alt="" class="wp-image-237 size-full" srcset="https://proxiscope.ricod.net/wp-content/uploads/2023/11/Formation-1.jpg 1024w, https://proxiscope.ricod.net/wp-content/uploads/2023/11/Formation-1-300x161.jpg 300w, https://proxiscope.ricod.net/wp-content/uploads/2023/11/Formation-1-768x411.jpg 768w" sizes="(max-width: 1024px) 100vw, 1024px" /></a></figure><div class="wp-block-media-text__content">
<p>Formation des créateurs d&#8217;entreprise pour les accompagner dans la réalisation de leur business plan et de leur présentation de projet. Un temps d&#8217;échange privilégié axé sur la pratique et l&#8217;humain pour s&#8217;adapter aux usages et aux envies de chacun.</p>
</div></div>

<p>Dans cette fabrique numérique virtuelle, nous observons comment les métiers coopèrent pour se transformer. Quelles compétences les rapprochent ? A travers des enquêtes de proximité, nous&#46;&#46;&#46;</p>
